{"id":4929,"date":"2014-03-18T15:52:46","date_gmt":"2014-03-18T15:52:46","guid":{"rendered":"http:\/\/localhost:8888\/themes\/ventory\/?page_id=4929"},"modified":"2020-02-05T08:48:44","modified_gmt":"2020-02-05T08:48:44","slug":"grafika-design-kontakt-reklam-kreativ-kampany-marketing-branding-logo-arculat-media-kiadvany-brossura-hirdetes-dekoracio-webdesign-honlap-elerhetoseg-katalogus-tabla-plakat-szorolap-arculat-brandepite","status":"publish","type":"page","link":"http:\/\/be-creative.hu\/index.php\/pages\/grafika-design-kontakt-reklam-kreativ-kampany-marketing-branding-logo-arculat-media-kiadvany-brossura-hirdetes-dekoracio-webdesign-honlap-elerhetoseg-katalogus-tabla-plakat-szorolap-arculat-brandepite\/","title":{"rendered":"KAPCSOLAT"},"content":{"rendered":"<p>[vc_row bg_color=&#8221;#ffffff&#8221; section_arrow=&#8221;false&#8221; top_padding=&#8221;80&#8243; bottom_padding=&#8221;60&#8243; bg_position=&#8221;left top&#8221;][vc_column width=&#8221;1\/2&#8243;]<h2 class=\"headline font-special fontsize-m fontweight-700 lh-inherit align-left transform-uppercase \" style=\"margin: 0 0 20px 0;\">L\u00e9pj kapcsolatba vel\u00fcnk a megadott el\u00e9rhet\u0151s\u00e9gek valamelyik\u00e9n!<\/h2>[vc_column_text][\/vc_column_text][\/vc_column][vc_column width=&#8221;1\/2&#8243;]<h2 class=\"headline font-special fontsize-m fontweight-700 lh-inherit align-left transform-uppercase \" style=\"margin: 0 0 20px 0;\">Ha aj\u00e1nlatot k\u00e9rn\u00e9l&#8230;<\/h2>[vc_column_text]C\u00e9g\u00fcnk a Balaton D\u00e9i partj\u00e1n tal\u00e1lhat\u00f3, de k\u00e9rlek ha b\u00e1rmilyen k\u00e9rd\u00e9sed mer\u00fclne fel, vagy aj\u00e1nlatot szeretn\u00e9l k\u00e9rni, a szem\u00e9lyes tal\u00e1lkoz\u00f3 el\u0151tt jelezz eMailen a\u00a0<a href=\"mailto:hello@be-creative.hu\">hello@be-creative.hu<\/a> c\u00edmen, vagy\u00a0k\u00fcldj \u00fczenetet a\u00a0<a href=\"http:\/\/www.facebook.com\/biroesztercreative\" target=\"_blank\" rel=\"noopener noreferrer\">www.facebook.com\/biroesztercreative<\/a> oldalon[\/vc_column_text]<h2 class=\"headline font-special fontsize-m fontweight-700 lh-inherit align-left transform-uppercase \" style=\"margin: 0 0 20px 0;\">Ha ink\u00e1bb telefon\u00e1ln\u00e1l&#8230;<\/h2>[vc_column_text]Felkeltett\u00fck az \u00e9rdekl\u0151d\u00e9sed vagy m\u00e9g csak gondolkodsz projekted megval\u00f3s\u00edt\u00e1s\u00e1ban? Az al\u00e1bbi sz\u00e1mon sz\u00edvesen \u00e1llunk rendelkez\u00e9sedre.[\/vc_column_text]<div class=\"headline font-special fontsize-s fontweight-700 lh-inherit align-left transform-uppercase \" style=\"margin: 0 0 -20px 0; color: #999999;\">EL\u00c9RHET\u0150 9:00 &#8211; 17:00<\/div><div class=\"headline font-special fontsize-xxxxl fontweight-700 lh-inherit align-left transform-uppercase \" style=\"margin: 0; color: #cc2e2e;\">+36 30 253 8512<\/div>[vc_facebook type=&#8221;button_count&#8221;][\/vc_column][\/vc_row][vc_row][vc_column width=&#8221;1\/1&#8243;][\/vc_column][\/vc_row]<\/p>\n\n\n<iframe loading=\"lazy\" src=\"https:\/\/www.google.com\/maps\/embed?pb=!1m18!1m12!1m3!1d43639.044569589125!2d17.877491644458143!3d46.87438621048005!2m3!1f0!2f0!3f0!3m2!1i1024!2i768!4f13.1!3m3!1m2!1s0x4769b96fad25cfdd%3A0x400c4290c1ed6b0!2zU3rDoW50w7NkLCA4NjIy!5e0!3m2!1shu!2shu!4v1580892294317!5m2!1shu!2shu\" width=\"1400\" height=\"450\" frameborder=\"0\" style=\"border:0;\" allowfullscreen=\"\"><\/iframe> \n","protected":false},"excerpt":{"rendered":"<p>[vc_row bg_color=&#8221;#ffffff&#8221; section_arrow=&#8221;false&#8221; top_padding=&#8221;80&#8243; bottom_padding=&#8221;60&#8243; bg_position=&#8221;left top&#8221;][vc_column width=&#8221;1\/2&#8243;][vc_column_text][\/vc_column_text][\/vc_column][vc_column width=&#8221;1\/2&#8243;][vc_column_text]C\u00e9g\u00fcnk a Balaton D\u00e9i partj\u00e1n tal\u00e1lhat\u00f3, de k\u00e9rlek ha b\u00e1rmilyen k\u00e9rd\u00e9sed mer\u00fclne fel, vagy aj\u00e1nlatot szeretn\u00e9l k\u00e9rni, a szem\u00e9lyes tal\u00e1lkoz\u00f3 el\u0151tt jelezz eMailen a\u00a0hello@be-creative.hu c\u00edmen, vagy\u00a0k\u00fcldj \u00fczenetet a\u00a0www.facebook.com\/biroesztercreative oldalon[\/vc_column_text][vc_column_text]Felkeltett\u00fck az \u00e9rdekl\u0151d\u00e9sed vagy m\u00e9g csak gondolkodsz projekted megval\u00f3s\u00edt\u00e1s\u00e1ban? Az al\u00e1bbi sz\u00e1mon sz\u00edvesen \u00e1llunk rendelkez\u00e9sedre.[\/vc_column_text][vc_facebook type=&#8221;button_count&#8221;][\/vc_column][\/vc_row][vc_row][vc_column width=&#8221;1\/1&#8243;][\/vc_column][\/vc_row]<\/p>\n","protected":false},"author":2,"featured_media":0,"parent":3182,"menu_order":0,"comment_status":"open","ping_status":"closed","template":"","meta":{"_bbp_topic_count":0,"_bbp_reply_count":0,"_bbp_total_topic_count":0,"_bbp_total_reply_count":0,"_bbp_voice_count":0,"_bbp_anonymous_reply_count":0,"_bbp_topic_count_hidden":0,"_bbp_reply_count_hidden":0,"_bbp_forum_subforum_count":0},"_links":{"self":[{"href":"http:\/\/be-creative.hu\/index.php\/wp-json\/wp\/v2\/pages\/4929"}],"collection":[{"href":"http:\/\/be-creative.hu\/index.php\/wp-json\/wp\/v2\/pages"}],"about":[{"href":"http:\/\/be-creative.hu\/index.php\/wp-json\/wp\/v2\/types\/page"}],"author":[{"embeddable":true,"href":"http:\/\/be-creative.hu\/index.php\/wp-json\/wp\/v2\/users\/2"}],"replies":[{"embeddable":true,"href":"http:\/\/be-creative.hu\/index.php\/wp-json\/wp\/v2\/comments?post=4929"}],"version-history":[{"count":6,"href":"http:\/\/be-creative.hu\/index.php\/wp-json\/wp\/v2\/pages\/4929\/revisions"}],"predecessor-version":[{"id":16441,"href":"http:\/\/be-creative.hu\/index.php\/wp-json\/wp\/v2\/pages\/4929\/revisions\/16441"}],"up":[{"embeddable":true,"href":"http:\/\/be-creative.hu\/index.php\/wp-json\/wp\/v2\/pages\/3182"}],"wp:attachment":[{"href":"http:\/\/be-creative.hu\/index.php\/wp-json\/wp\/v2\/media?parent=4929"}],"curies":[{"name":"wp","href":"https:\/\/api.w.org\/{rel}","templated":true}]}}

<p>[vc_row bg_color=&#8221;#ffffff&#8221; section_arrow=&#8221;false&#8221; top_padding=&#8221;80&#8243; bottom_padding=&#8221;60&#8243; bg_position=&#8221;left top&#8221;][vc_column width=&#8221;1/2&#8243;]<h2 class="headline font-special fontsize-m fontweight-700 lh-inherit align-left transform-uppercase " style="margin: 0 0 20px 0;">Lépj kapcsolatba velünk a megadott elérhetőségek valamelyikén!</h2>[vc_column_text][/vc_column_text][/vc_column][vc_column width=&#8221;1/2&#8243;]<h2 class="headline font-special fontsize-m fontweight-700 lh-inherit align-left transform-uppercase " style="margin: 0 0 20px 0;">Ha ajánlatot kérnél&#8230;</h2>[vc_column_text]Cégünk a Balaton Déi partján található, de kérlek ha bármilyen kérdésed merülne fel, vagy ajánlatot szeretnél kérni, a személyes találkozó előtt jelezz eMailen a <a href="mailto:hello@be-creative.hu">hello@be-creative.hu</a> címen, vagy küldj üzenetet a <a href="http://www.facebook.com/biroesztercreative" target="_blank" rel="noopener noreferrer">www.facebook.com/biroesztercreative</a> oldalon[/vc_column_text]<h2 class="headline font-special fontsize-m fontweight-700 lh-inherit align-left transform-uppercase " style="margin: 0 0 20px 0;">Ha inkább telefonálnál&#8230;</h2>[vc_column_text]Felkeltettük az érdeklődésed vagy még csak gondolkodsz projekted megvalósításában? Az alábbi számon szívesen állunk rendelkezésedre.[/vc_column_text]<div class="headline font-special fontsize-s fontweight-700 lh-inherit align-left transform-uppercase " style="margin: 0 0 -20px 0; color: #999999;">ELÉRHETŐ 9:00 &#8211; 17:00</div><div class="headline font-special fontsize-xxxxl fontweight-700 lh-inherit align-left transform-uppercase " style="margin: 0; color: #cc2e2e;">+36 30 253 8512</div>[vc_facebook type=&#8221;button_count&#8221;][/vc_column][/vc_row][vc_row][vc_column width=&#8221;1/1&#8243;][/vc_column][/vc_row]</p>


<iframe loading="lazy" src="https://www.google.com/maps/embed?pb=!1m18!1m12!1m3!1d43639.044569589125!2d17.877491644458143!3d46.87438621048005!2m3!1f0!2f0!3f0!3m2!1i1024!2i768!4f13.1!3m3!1m2!1s0x4769b96fad25cfdd%3A0x400c4290c1ed6b0!2zU3rDoW50w7NkLCA4NjIy!5e0!3m2!1shu!2shu!4v1580892294317!5m2!1shu!2shu" width="1400" height="450" frameborder="0" style="border:0;" allowfullscreen=""></iframe>

<p>[vc_row bg_color=&#8221;#ffffff&#8221; section_arrow=&#8221;false&#8221; top_padding=&#8221;80&#8243; bottom_padding=&#8221;60&#8243; bg_position=&#8221;left top&#8221;][vc_column width=&#8221;1/2&#8243;][vc_column_text][/vc_column_text][/vc_column][vc_column width=&#8221;1/2&#8243;][vc_column_text]Cégünk a Balaton Déi partján található, de kérlek ha bármilyen kérdésed merülne fel, vagy ajánlatot szeretnél kérni, a személyes találkozó előtt jelezz eMailen a hello@be-creative.hu címen, vagy küldj üzenetet a www.facebook.com/biroesztercreative oldalon[/vc_column_text][vc_column_text]Felkeltettük az érdeklődésed vagy még csak gondolkodsz projekted megvalósításában? Az alábbi számon szívesen állunk rendelkezésedre.[/vc_column_text][vc_facebook type=&#8221;button_count&#8221;][/vc_column][/vc_row][vc_row][vc_column width=&#8221;1/1&#8243;][/vc_column][/vc_row]</p>
