{"id":419,"date":"2013-01-06T12:43:15","date_gmt":"2013-01-06T12:43:15","guid":{"rendered":"http:\/\/inovado2.mintithemes.com\/?page_id=13"},"modified":"2020-11-20T00:13:56","modified_gmt":"2020-11-20T00:13:56","slug":"grafika-design-reklam-kreativ-kampany-marketing-branding-logo-arculat-media-kiadvany-brossura-hirdetes-dekoracio-webdesign-honlap-katalogus-tabla-plakat-szorolap-arculat-brandepites-reklamtervezes-rek","status":"publish","type":"page","link":"https:\/\/be-creative.hu\/","title":{"rendered":"F\u0151oldal"},"content":{"rendered":"<p>[vc_row type=&#8221;full_width_section&#8221; bg_position=&#8221;left top&#8221;][vc_column width=&#8221;1\/1&#8243;][vc_column_text]\n\t\t\t<!-- START Slider 1 REVOLUTION SLIDER 6.6.3 --><p class=\"rs-p-wp-fix\"><\/p>\n\t\t\t<rs-module-wrap id=\"rev_slider_1_1_wrapper\" data-source=\"gallery\" style=\"visibility:hidden;background:transparent;padding:0;margin:0px auto;margin-top:0;margin-bottom:0;\">\n\t\t\t\t<rs-module id=\"rev_slider_1_1\" style=\"\" data-version=\"6.6.3\">\n\t\t\t\t\t<rs-slides style=\"overflow: hidden; position: absolute;\">\n\t\t\t\t\t\t<rs-slide style=\"position: absolute;\" data-key=\"rs-1\" data-title=\"Slide\" data-anim=\"adpr:false;\">\n\t\t\t\t\t\t\t<img src=\"\/\/be-creative.hu\/wp-content\/plugins\/revslider\/public\/assets\/assets\/dummy.png\" alt=\"Slide\" title=\"F\u0151oldal\" class=\"rev-slidebg tp-rs-img rs-lazyload\" data-lazyload=\"\/\/be-creative.hu\/wp-content\/plugins\/revslider\/public\/assets\/assets\/transparent.png\" data-bg=\"c:#ffffff;\" data-parallax=\"off\" data-no-retina>\n<!--\n\t\t\t\t\t\t\t--><rs-layer\n\t\t\t\t\t\t\t\tid=\"slider-1-slide-1-layer-2\" \n\t\t\t\t\t\t\t\tdata-type=\"image\"\n\t\t\t\t\t\t\t\tdata-rsp_ch=\"on\"\n\t\t\t\t\t\t\t\tdata-xy=\"xo:-189px;\"\n\t\t\t\t\t\t\t\tdata-text=\"l:22;\"\n\t\t\t\t\t\t\t\tdata-dim=\"w:['1624px','1624px','1624px','1624px'];h:['534px','534px','534px','534px'];\"\n\t\t\t\t\t\t\t\tdata-frame_0=\"tp:600;\"\n\t\t\t\t\t\t\t\tdata-frame_1=\"tp:600;e:power2.inOut;st:5100;sp:1290;\"\n\t\t\t\t\t\t\t\tdata-frame_999=\"o:0;tp:600;e:nothing;st:w;\"\n\t\t\t\t\t\t\t\tdata-loop_999=\"sp:4000;e:linearEaseNone;yym:t;yys:t;yyf:t;\"\n\t\t\t\t\t\t\t\tstyle=\"z-index:5;\"\n\t\t\t\t\t\t\t><img src=\"\/\/be-creative.hu\/wp-content\/plugins\/revslider\/public\/assets\/assets\/dummy.png\" alt=\"\" class=\"tp-rs-img rs-lazyload\" width=\"3000\" height=\"1512\" data-lazyload=\"\/\/be-creative.hu\/wp-content\/uploads\/2017\/04\/header_5-1.jpg\" data-no-retina> \n\t\t\t\t\t\t\t<\/rs-layer><!--\n\n\t\t\t\t\t\t\t--><rs-layer\n\t\t\t\t\t\t\t\tid=\"slider-1-slide-1-layer-3\" \n\t\t\t\t\t\t\t\tdata-type=\"image\"\n\t\t\t\t\t\t\t\tdata-rsp_ch=\"on\"\n\t\t\t\t\t\t\t\tdata-xy=\"xo:-194px;\"\n\t\t\t\t\t\t\t\tdata-text=\"l:22;\"\n\t\t\t\t\t\t\t\tdata-dim=\"w:['1625px','1625px','1625px','1625px'];h:['535px','535px','535px','535px'];\"\n\t\t\t\t\t\t\t\tdata-frame_0=\"tp:600;\"\n\t\t\t\t\t\t\t\tdata-frame_1=\"tp:600;e:power2.inOut;st:2130;sp:870;\"\n\t\t\t\t\t\t\t\tdata-frame_999=\"o:0;tp:600;e:nothing;st:5200;sp:1120;\"\n\t\t\t\t\t\t\t\tstyle=\"z-index:6;\"\n\t\t\t\t\t\t\t><img src=\"\/\/be-creative.hu\/wp-content\/plugins\/revslider\/public\/assets\/assets\/dummy.png\" alt=\"\" class=\"tp-rs-img rs-lazyload\" width=\"3000\" height=\"1512\" data-lazyload=\"\/\/be-creative.hu\/wp-content\/uploads\/2017\/04\/header_7-1.jpg\" data-no-retina> \n\t\t\t\t\t\t\t<\/rs-layer><!--\n\n\t\t\t\t\t\t\t--><rs-layer\n\t\t\t\t\t\t\t\tid=\"slider-1-slide-1-layer-1\" \n\t\t\t\t\t\t\t\tdata-type=\"image\"\n\t\t\t\t\t\t\t\tdata-rsp_ch=\"on\"\n\t\t\t\t\t\t\t\tdata-xy=\"xo:-192px;\"\n\t\t\t\t\t\t\t\tdata-text=\"l:22;\"\n\t\t\t\t\t\t\t\tdata-dim=\"w:['1622px','1622px','1622px','1622px'];h:['535px','535px','535px','535px'];\"\n\t\t\t\t\t\t\t\tdata-frame_0=\"tp:600;\"\n\t\t\t\t\t\t\t\tdata-frame_1=\"tp:600;e:power2.inOut;st:0;sp:240;\"\n\t\t\t\t\t\t\t\tdata-frame_999=\"o:0;tp:600;e:nothing;st:2160;sp:870;\"\n\t\t\t\t\t\t\t\tstyle=\"z-index:7;\"\n\t\t\t\t\t\t\t><img src=\"\/\/be-creative.hu\/wp-content\/plugins\/revslider\/public\/assets\/assets\/dummy.png\" alt=\"\" class=\"tp-rs-img rs-lazyload\" width=\"3000\" height=\"1512\" data-lazyload=\"\/\/be-creative.hu\/wp-content\/uploads\/2017\/04\/header_8-1.jpg\" data-no-retina> \n\t\t\t\t\t\t\t<\/rs-layer><!--\n-->\t\t\t\t\t\t<\/rs-slide>\n\t\t\t\t\t<\/rs-slides>\n\t\t\t\t<\/rs-module>\n\t\t\t\t<script>\n\t\t\t\t\tsetREVStartSize({c: 'rev_slider_1_1',rl:[1240,1024,778,480],el:[],gw:[1240,1024,778,480],gh:[600,600,500,400],type:'hero',justify:'',layout:'fullwidth',mh:\"0\"});if (window.RS_MODULES!==undefined && window.RS_MODULES.modules!==undefined && window.RS_MODULES.modules[\"revslider11\"]!==undefined) {window.RS_MODULES.modules[\"revslider11\"].once = false;window.revapi1 = undefined;if (window.RS_MODULES.checkMinimal!==undefined) window.RS_MODULES.checkMinimal()}\n\t\t\t\t<\/script>\n\t\t\t<\/rs-module-wrap>\n\t\t\t<!-- END REVOLUTION SLIDER -->\n[\/vc_column_text][\/vc_column][\/vc_row][vc_row][vc_column width=&#8221;1\/3&#8243;]<div onclick=\"location.href='http:\/\/be-creative.hu\/index.php\/pages\/grafika-design-kontakt-reklam-kreativ-kampany-marketing-branding-logo-arculat-media-kiadvany-brossura-hirdetes-dekoracio-webdesign-honlap-elerhetoseg-katalogus-tabla-plakat-szorolap-arculat-brandepite\/';\" style=\"cursor:pointer;\"><div class=\"iconbox  wpb_content_element iconbox-style-4 icon-color-custom color-dark clearfix\"><div class=\"iconbox-icon\"><i class=\"fa sl-emoticon-smile boxicon\" style=\"color: #cc2e2e;\"><\/i><\/div><div class=\"iconbox-content\"><h3>ARCULAT \u00c9S LOGO TERVEZ\u00c9S<\/h3><p>Hiszem, hogy c\u00e9ged arculata az identit\u00e1sod r\u00e9sze. Hiszem, hogy napjainkban ez egy kisebb&#8230; <a href=\"#\" target=\"_self\" class=\"button color-9 small \" style=\"border-radius: 2px;\"><i class='fa fa-caret-right'><\/i>Tov\u00e1bb<\/a><\/p><\/div><\/div><\/div>[\/vc_column][vc_column width=&#8221;1\/3&#8243;]<div onclick=\"location.href='http:\/\/be-creative.hu\/index.php\/pages\/grafikai-tervezes-reklamgrafika-grafika-design-reklam-kreativ-kampany-marketing-branding-logo-arculat-media-kiadvany-brossura-hirdetes-dekoracio-webdesign-honlap-katalogus-tabla-plakat-szorolap-arcu\/';\" style=\"cursor:pointer;\"><div class=\"iconbox  wpb_content_element iconbox-style-4 icon-color-custom color-dark clearfix\"><div class=\"iconbox-icon\"><i class=\"fa sl-paper-plane boxicon\" style=\"color: #cc2e2e;\"><\/i><\/div><div class=\"iconbox-content\"><h3>REKL\u00c1MGRAFIKAI SZOLG\u00c1LTAT\u00c1SOK<\/h3><p>K\u00fcl\u00f6nbs\u00e9g a k\u00fcl\u00f6nlegess\u00e9gben. Term\u00e9ked, szolg\u00e1ltat\u00e1sod rekl\u00e1mj\u00e1nak megtervez\u00e9s\u00e9vel nemcsak&#8230;<a href=\"#\" target=\"_self\" class=\"button color-9 small \" style=\"border-radius: 2px;\"><i class='fa fa-caret-right'><\/i>Tov\u00e1bb<\/a><\/p><\/div><\/div><\/div>[\/vc_column][vc_column width=&#8221;1\/3&#8243;]<div onclick=\"location.href='http:\/\/be-creative.hu\/index.php\/pages\/grafikai-tervezes-reklamgrafika-grafika-design-reklam-kreativ-kampany-marketing-branding-logo-arculat-media-kiadvany-brossura-hirdetes-dekoracio-webdesign-honlap-katalogus-tabla-plakat-szorolap-arcu\/';\" style=\"cursor:pointer;\"><div class=\"iconbox  wpb_content_element iconbox-style-4 icon-color-custom color-dark clearfix\"><div class=\"iconbox-icon\"><i class=\"fa sl-book-open boxicon\" style=\"color: #cc2e2e;\"><\/i><\/div><div class=\"iconbox-content\"><h3>ONLINE MARKETING KAMP\u00c1NYOK<\/h3><p>Hissz\u00fck, hogy a virtu\u00e1lis val\u00f3s\u00e1g kor\u00e1ban \u00a0n\u00e9lk\u00fcl\u00f6zhetetlen a k\u00f6z\u00f6ss\u00e9gi terekben val\u00f3 megjelen\u00e9s&#8230;<a href=\"#\" target=\"_self\" class=\"button color-9 small \" style=\"border-radius: 2px;\"><i class='fa fa-caret-right'><\/i>Tov\u00e1bb<\/a><\/p><\/div><\/div><\/div>[\/vc_column][\/vc_row][vc_row type=&#8221;full_width_section&#8221; bg_position=&#8221;left top&#8221;][vc_column bg_color=&#8221;#cc2e2e&#8221; width=&#8221;1\/1&#8243;]\n\t\t<div class=\"portfolio-element\">\n\n\t\t\n\t\t\n\t\t\t\t\t<div id=\"734736930\" class=\"portfolio-items portfolio-nomargin portfolio-overlay-name clearfix\" data-id=\"734736930\">  \n\t\t\t\t\t\t\n\t\t\t\t\t\t\t\n\t\t\t\t\t\t\t\n\t\t\t\t\t\t\n\t\t\t\t\t\t\t\t\t\t\t\t\t\t\t\t\n\t\t\t\t\t\t\t\t   \n\n\t\t\t\t\t\t\t\t<div class=\"term-logo-emblema-arculat-branding-brand-design portfolio-item nomargin\">\n\t\t\t\t\t\t\t\t\t<div class=\"portfolio-image\"><a href=\"https:\/\/be-creative.hu\/wp-content\/uploads\/2023\/10\/valdibora_logo-scaled.jpg\" class=\"prettyPhoto\" rel=\"prettyPhoto[portfolio]\" title=\"logo tervez\u00e9s\"><div class=\"portfolio-image-img\"><img src=\"https:\/\/be-creative.hu\/wp-content\/uploads\/2023\/10\/valdibora_logo-600x400.jpg\" alt=\"logo tervez\u00e9s\" \/><\/div><div class=\"portfolio-overlay overlay-name\"><span>logo tervez\u00e9s<\/span><i class=\"icon-minti-search\"><\/i><\/div><\/a><\/div>\n\t\t\t\t\t\t\t\t<\/div>\n\n\t\t\t\t\t\t\t\t\t\t\t\t  \n\t\t\t\t\t\t\n\t\t\t\t\t\t\t\n\t\t\t\t\t\t\t\n\t\t\t\t\t\t\n\t\t\t\t\t\t\t\t\t\t\t\t\t\t\t\t\n\t\t\t\t\t\t\t\t   \n\n\t\t\t\t\t\t\t\t<div class=\"term-roll-up-banner-reklam portfolio-item nomargin\">\n\t\t\t\t\t\t\t\t\t<div class=\"portfolio-image\"><a href=\"https:\/\/be-creative.hu\/wp-content\/uploads\/2023\/10\/rollup_minta_stkristof-scaled.jpg\" class=\"prettyPhoto\" rel=\"prettyPhoto[portfolio]\" title=\"Roll-up\"><div class=\"portfolio-image-img\"><img src=\"https:\/\/be-creative.hu\/wp-content\/uploads\/2023\/10\/rollup_minta_stkristof-600x400.jpg\" alt=\"Roll-up\" \/><\/div><div class=\"portfolio-overlay overlay-name\"><span>Roll-up<\/span><i class=\"icon-minti-search\"><\/i><\/div><\/a><\/div>\n\t\t\t\t\t\t\t\t<\/div>\n\n\t\t\t\t\t\t\t\t\t\t\t\t  \n\t\t\t\t\t\t\n\t\t\t\t\t\t\t\n\t\t\t\t\t\t\t\n\t\t\t\t\t\t\n\t\t\t\t\t\t\t\t\t\t\t\t\t\t\t\t\n\t\t\t\t\t\t\t\t   \n\n\t\t\t\t\t\t\t\t<div class=\"term-csomagolas portfolio-item nomargin\">\n\t\t\t\t\t\t\t\t\t<div class=\"portfolio-image\"><a href=\"https:\/\/be-creative.hu\/wp-content\/uploads\/2023\/10\/kristof_borcimke.png\" class=\"prettyPhoto\" rel=\"prettyPhoto[portfolio]\" title=\"Borc\u00edmke tervez\u00e9s\"><div class=\"portfolio-image-img\"><img src=\"https:\/\/be-creative.hu\/wp-content\/uploads\/2023\/10\/kristof_borcimke-600x400.png\" alt=\"Borc\u00edmke tervez\u00e9s\" \/><\/div><div class=\"portfolio-overlay overlay-name\"><span>Borc\u00edmke tervez\u00e9s<\/span><i class=\"icon-minti-search\"><\/i><\/div><\/a><\/div>\n\t\t\t\t\t\t\t\t<\/div>\n\n\t\t\t\t\t\t\t\t\t\t\t\t  \n\t\t\t\t\t\t\n\t\t\t\t\t\t\t\n\t\t\t\t\t\t\t\n\t\t\t\t\t\t\n\t\t\t\t\t\t\t\t\t\t\t\t\t\t\t\t\n\t\t\t\t\t\t\t\t   \n\n\t\t\t\t\t\t\t\t<div class=\"term-logo-emblema-arculat-branding-brand-design portfolio-item nomargin\">\n\t\t\t\t\t\t\t\t\t<div class=\"portfolio-image\"><a href=\"https:\/\/be-creative.hu\/wp-content\/uploads\/2023\/10\/kutvolgy_logo_ref.jpg\" class=\"prettyPhoto\" rel=\"prettyPhoto[portfolio]\" title=\"Logo tervez\u00e9s\"><div class=\"portfolio-image-img\"><img src=\"https:\/\/be-creative.hu\/wp-content\/uploads\/2023\/10\/kutvolgy_logo_ref-600x400.jpg\" alt=\"Logo tervez\u00e9s\" \/><\/div><div class=\"portfolio-overlay overlay-name\"><span>Logo tervez\u00e9s<\/span><i class=\"icon-minti-search\"><\/i><\/div><\/a><\/div>\n\t\t\t\t\t\t\t\t<\/div>\n\n\t\t\t\t\t\t\t\t\t\t\t\t  \n\t\t\t\t\t\t\t\t\t\t\t<\/div>\n\n\t\t\n\t\t<\/div>\n\t\t\t\n\t\t\t\t\n\t\t[\/vc_column][\/vc_row][vc_row bg_color=&#8221;#222222&#8243; text_color=&#8221;light&#8221; top_padding=&#8221;50&#8243; bottom_padding=&#8221;50&#8243; bg_position=&#8221;center center&#8221;][vc_column width=&#8221;1\/4&#8243;]<div class=\"counter clearfix wpb_content_element\"><div class=\"counter-number\" style=\"color: #ffffff !important;\">15<\/div><span class=\"counter-title\">\u00e9v tapasztalat<\/span><\/div>[\/vc_column][vc_column width=&#8221;1\/4&#8243;]<div class=\"counter clearfix wpb_content_element\"><div class=\"counter-number\" style=\"color: #ffffff !important;\">298<\/div><span class=\"counter-title\">el\u00e9gedett \u00fcgyf\u00e9l<\/span><\/div>[\/vc_column][vc_column width=&#8221;1\/4&#8243;]<div class=\"counter clearfix wpb_content_element\"><div class=\"counter-number\" style=\"color: #ffffff !important;\">763<\/div><span class=\"counter-title\">cs\u00e9sze k\u00e1v\u00e9<\/span><\/div>[\/vc_column][vc_column width=&#8221;1\/4&#8243;]<div class=\"counter clearfix wpb_content_element\"><div class=\"counter-number\" style=\"color: #ffffff !important;\">9562<\/div><span class=\"counter-title\">kreat\u00edv anyag<\/span><\/div>[\/vc_column][\/vc_row][vc_row top_padding=&#8221;100&#8243; bottom_padding=&#8221;100&#8243; bg_position=&#8221;left top&#8221;][vc_column width=&#8221;1\/1&#8243;]<h3 class=\"headline font-special fontsize-l fontweight-700 lh-inherit align-center transform-uppercase \" style=\"margin: 0 0 20px 0;\">V\u00e9lem\u00e9nyek<\/h3><div class=\"testimonial-slider-wrap wpb_content_element\"><div class=\"testimonial-slide\">BE-creative design studio-val t\u00f6bb \u00e9ve dolgozunk egy\u00fctt. Nem csak ig\u00e9nyes munk\u00e1kat k\u00e9sz\u00edt, az egyedi \u00f6tleteinknek is maxim\u00e1lisan eleget tesz. Ha a mi kreativit\u00e1sunk kimer\u00fclt, \u0151 mindig tud aj\u00e1nlani valami k\u00fcl\u00f6nleges megold\u00e1st. \u00c1rai versenyk\u00e9pesek, min\u0151s\u00e9gi tervez\u0151i munk\u00e1t v\u00e9gez, \u00edgy sz\u00edvesen dolgozom vel\u00fck! Kedves Eszter, k\u00f6sz\u00f6n\u00f6m az eddig munk\u00e1tokat!<span>&#45; Gulya P\u00e9ter, eln\u00f6k - Magyar Jaguar Klub<\/span><\/div><div class=\"testimonial-slide\">C\u00e9ges kiadv\u00e1nyok tervez\u00e9s\u00e9vel b\u00edztuk meg az elm\u00falt \u00e9vekben Eszter\u00e9ket. \u00d6r\u00f6mmel \u00e9s bizalommal visz\u00fcnk munk\u00e1t hozz\u00e1, hisz nemcsak szakmailag \u00e9s emberileg ny\u00fajt a mi ig\u00e9nyeink szerinti maximumot, de korrekt \u00e9s nagy hangs\u00falyt fektet a pontos anyaglead\u00e1son t\u00fal a min\u0151s\u00e9gi tervez\u00e9sre.<span>&#45; K\u00f3nya G\u00e1bor, tulajdonos, \u00fcgyvezet\u0151 - Transporter-Hungary Kft.<\/span><\/div><div class=\"testimonial-slide\">Kedves Eszter! K\u00f6sz\u00f6nj\u00fck, hogy megrendel\u00e9seinket - legyen sz\u00f3 ak\u00e1r nyomdai vagy dekor\u00e1ci\u00f3s anyagokr\u00f3l - minden esetben gyorsan, pontosan, rugalmasan, ig\u00e9nyes min\u0151s\u00e9gben \u00e9s v\u00e1llalhat\u00f3 \u00e1ron teljes\u00edtitek. Szolg\u00e1ltat\u00e1saitokat b\u00e1tran aj\u00e1nlom m\u00e1soknak is.<span>&#45; Debreceni Zolt\u00e1n, tulajdonos, \u00fcgyvezet\u0151 - Gastrocentrum, E-cruiser, Thai Box Foods<\/span><\/div><div class=\"testimonial-slide\">Eszter grafikus \u00e9s megb\u00edzhat\u00f3 \u00fczleti partner\u00fcnk lassan egy \u00e9vtizede. Mindig r\u00e1\u00e9reznek, hogy mit szeretn\u00e9nk \u00e9s ezt magas sz\u00ednvonalon val\u00f3s\u00edtj\u00e1k meg.<span>&#45; J\u00e1szber\u00e9nyi P\u00e9ter, \u00fcgyvezet\u0151 igazgat\u00f3 \u2013 Stonehenge Bankh\u00e1z \u00e9s Ingatlan<\/span><\/div><\/div>[\/vc_column][\/vc_row][vc_row][vc_column]<h3 class=\"headline font-special fontsize-l fontweight-700 lh-inherit align-center transform-inherit \" style=\"margin: 0 0 20px 0; color: #000000;\">El\u00e9gedett \u00fcgyfeleink<\/h3><div class=\"spacer\" style=\"height: 40px;\"><\/div>[\/vc_column][vc_column width=&#8221;1\/6&#8243;][vc_column_text]<\/p>\n<p style=\"text-align: center;\"><span class=\"tooltips\"><a href=\"#\" title=\"El\u00e9gedett \u00dcgyfeleim\" onclick=\"return false\"><a href=\"http:\/\/www.shbankhaz.hu\" target=\"_blank\" rel=\"http:\/\/www.shbankhaz.hu noopener noreferrer\"><img decoding=\"async\" loading=\"lazy\" class=\"wp-image-15748 aligncenter\" src=\"http:\/\/be-creative.hu\/wp-content\/uploads\/2016\/07\/sh_bankhaz-1-300x163.jpg\" alt=\"sh_bankhaz\" width=\"160\" height=\"87\" srcset=\"https:\/\/be-creative.hu\/wp-content\/uploads\/2016\/07\/sh_bankhaz-1-300x163.jpg 300w, https:\/\/be-creative.hu\/wp-content\/uploads\/2016\/07\/sh_bankhaz-1.jpg 500w\" sizes=\"(max-width: 160px) 100vw, 160px\" \/><\/a><\/a><\/span>\n<p>[\/vc_column_text][\/vc_column][vc_column width=&#8221;1\/6&#8243;][vc_column_text]<\/p>\n<p style=\"text-align: center;\"><span class=\"tooltips\"><a href=\"#\" title=\"El\u00e9gedett \u00dcgyfeleim\" onclick=\"return false\"><a href=\"http:\/\/www.gastrocentrum.hu\" target=\"_blank\" rel=\"http:\/\/www.gastrocentrum.hu noopener noreferrer\"><img decoding=\"async\" loading=\"lazy\" class=\"alignnone wp-image-15754\" src=\"http:\/\/be-creative.hu\/wp-content\/uploads\/2016\/07\/gastro-1-300x163.jpg\" alt=\"gastro\" width=\"240\" height=\"130\" srcset=\"https:\/\/be-creative.hu\/wp-content\/uploads\/2016\/07\/gastro-1-300x163.jpg 300w, https:\/\/be-creative.hu\/wp-content\/uploads\/2016\/07\/gastro-1.jpg 500w\" sizes=\"(max-width: 240px) 100vw, 240px\" \/><\/a><\/a><\/span>\n<p>[\/vc_column_text][\/vc_column][vc_column width=&#8221;1\/6&#8243;][vc_column_text]<\/p>\n<p style=\"text-align: center;\"><span class=\"tooltips\"><a href=\"#\" title=\"El\u00e9gedett \u00dcgyfeleim\" onclick=\"return false\"><a href=\"http:\/\/www.transporter-hungary.hu\" target=\"_blank\" rel=\"noopener www.transporter-hungary.hu noreferrer\"><img decoding=\"async\" loading=\"lazy\" class=\"alignnone wp-image-15757\" src=\"http:\/\/be-creative.hu\/wp-content\/uploads\/2016\/07\/transporter-1-300x163.jpg\" alt=\"transporter\" width=\"159\" height=\"86\" srcset=\"https:\/\/be-creative.hu\/wp-content\/uploads\/2016\/07\/transporter-1-300x163.jpg 300w, https:\/\/be-creative.hu\/wp-content\/uploads\/2016\/07\/transporter-1.jpg 500w\" sizes=\"(max-width: 159px) 100vw, 159px\" \/><\/a><\/a><\/span>\n<p>[\/vc_column_text][\/vc_column][vc_column width=&#8221;1\/6&#8243;][vc_column_text]<\/p>\n<p style=\"text-align: center;\"><span class=\"tooltips\"><a href=\"#\" title=\"El\u00e9gedett \u00dcgyfeleim\" onclick=\"return false\"><a href=\"http:\/\/www.jaguarclub.hu\" target=\"_blank\" rel=\"http:\/\/www.jaguarclub.hu noopener noreferrer\"><img decoding=\"async\" loading=\"lazy\" class=\"alignnone wp-image-15755\" src=\"http:\/\/be-creative.hu\/wp-content\/uploads\/2016\/07\/magyar_jag-1-300x163.jpg\" alt=\"magyar_jag\" width=\"147\" height=\"80\" srcset=\"https:\/\/be-creative.hu\/wp-content\/uploads\/2016\/07\/magyar_jag-1-300x163.jpg 300w, https:\/\/be-creative.hu\/wp-content\/uploads\/2016\/07\/magyar_jag-1.jpg 500w\" sizes=\"(max-width: 147px) 100vw, 147px\" \/><\/a><\/a><\/span>\n<p>[\/vc_column_text][\/vc_column][vc_column width=&#8221;1\/6&#8243;][vc_column_text]<\/p>\n<p style=\"text-align: center;\"><span class=\"tooltips\"><a href=\"#\" title=\"El\u00e9gedett \u00dcgyfeleim\" onclick=\"return false\"><a href=\"http:\/\/dermiszkozmetika.hu\" target=\"_blank\" rel=\"http:\/\/dermiszkozmetika.hu noopener noreferrer\"><img decoding=\"async\" loading=\"lazy\" class=\"wp-image-15753 aligncenter\" src=\"http:\/\/be-creative.hu\/wp-content\/uploads\/2016\/07\/dermisz-1-300x163.jpg\" alt=\"dermisz\" width=\"125\" height=\"68\" srcset=\"https:\/\/be-creative.hu\/wp-content\/uploads\/2016\/07\/dermisz-1-300x163.jpg 300w, https:\/\/be-creative.hu\/wp-content\/uploads\/2016\/07\/dermisz-1.jpg 500w\" sizes=\"(max-width: 125px) 100vw, 125px\" \/><\/a><\/a><\/span>\n<p>[\/vc_column_text][\/vc_column][vc_column width=&#8221;1\/6&#8243;][vc_column_text]<\/p>\n<p style=\"text-align: center;\"><span class=\"tooltips\"><a href=\"#\" title=\"El\u00e9gedett \u00dcgyfeleim\" onclick=\"return false\"><a href=\"http:\/\/www.balassaszalon.hu\" target=\"_blank\" rel=\"http:\/\/www.balassaszalon.hu noopener noreferrer\"><img decoding=\"async\" loading=\"lazy\" class=\"alignnone wp-image-15752 size-medium\" src=\"http:\/\/be-creative.hu\/wp-content\/uploads\/2016\/07\/balassa-1-300x163.jpg\" alt=\"balassa\" width=\"300\" height=\"163\" srcset=\"https:\/\/be-creative.hu\/wp-content\/uploads\/2016\/07\/balassa-1-300x163.jpg 300w, https:\/\/be-creative.hu\/wp-content\/uploads\/2016\/07\/balassa-1.jpg 500w\" sizes=\"(max-width: 300px) 100vw, 300px\" \/><\/a><\/a><\/span>\n<p>[\/vc_column_text][\/vc_column][\/vc_row][vc_row][vc_column width=&#8221;1\/1&#8243;]<div class=\"spacer\" style=\"height: 40px;\"><\/div>[\/vc_column][\/vc_row]<\/p>\n","protected":false},"excerpt":{"rendered":"<p>[vc_row type=&#8221;full_width_section&#8221; bg_position=&#8221;left top&#8221;][vc_column width=&#8221;1\/1&#8243;][vc_column_text][\/vc_column_text][\/vc_column][\/vc_row][vc_row][vc_column width=&#8221;1\/3&#8243;][\/vc_column][vc_column width=&#8221;1\/3&#8243;][\/vc_column][vc_column width=&#8221;1\/3&#8243;][\/vc_column][\/vc_row][vc_row type=&#8221;full_width_section&#8221; bg_position=&#8221;left top&#8221;][vc_column bg_color=&#8221;#cc2e2e&#8221; width=&#8221;1\/1&#8243;][\/vc_column][\/vc_row][vc_row bg_color=&#8221;#222222&#8243; text_color=&#8221;light&#8221; top_padding=&#8221;50&#8243; bottom_padding=&#8221;50&#8243; bg_position=&#8221;center center&#8221;][vc_column width=&#8221;1\/4&#8243;][\/vc_column][vc_column width=&#8221;1\/4&#8243;][\/vc_column][vc_column width=&#8221;1\/4&#8243;][\/vc_column][vc_column width=&#8221;1\/4&#8243;][\/vc_column][\/vc_row][vc_row top_padding=&#8221;100&#8243; bottom_padding=&#8221;100&#8243; bg_position=&#8221;left top&#8221;][vc_column width=&#8221;1\/1&#8243;][\/vc_column][\/vc_row][vc_row][vc_column][\/vc_column][vc_column width=&#8221;1\/6&#8243;][vc_column_text] [\/vc_column_text][\/vc_column][vc_column width=&#8221;1\/6&#8243;][vc_column_text] [\/vc_column_text][\/vc_column][vc_column width=&#8221;1\/6&#8243;][vc_column_text] [\/vc_column_text][\/vc_column][vc_column width=&#8221;1\/6&#8243;][vc_column_text] [\/vc_column_text][\/vc_column][vc_column width=&#8221;1\/6&#8243;][vc_column_text] [\/vc_column_text][\/vc_column][vc_column width=&#8221;1\/6&#8243;][vc_column_text] [\/vc_column_text][\/vc_column][\/vc_row][vc_row][vc_column width=&#8221;1\/1&#8243;][\/vc_column][\/vc_row]<\/p>\n","protected":false},"author":2,"featured_media":0,"parent":0,"menu_order":0,"comment_status":"closed","ping_status":"closed","template":"","meta":{"_bbp_topic_count":0,"_bbp_reply_count":0,"_bbp_total_topic_count":0,"_bbp_total_reply_count":0,"_bbp_voice_count":0,"_bbp_anonymous_reply_count":0,"_bbp_topic_count_hidden":0,"_bbp_reply_count_hidden":0,"_bbp_forum_subforum_count":0},"_links":{"self":[{"href":"https:\/\/be-creative.hu\/index.php\/wp-json\/wp\/v2\/pages\/419"}],"collection":[{"href":"https:\/\/be-creative.hu\/index.php\/wp-json\/wp\/v2\/pages"}],"about":[{"href":"https:\/\/be-creative.hu\/index.php\/wp-json\/wp\/v2\/types\/page"}],"author":[{"embeddable":true,"href":"https:\/\/be-creative.hu\/index.php\/wp-json\/wp\/v2\/users\/2"}],"replies":[{"embeddable":true,"href":"https:\/\/be-creative.hu\/index.php\/wp-json\/wp\/v2\/comments?post=419"}],"version-history":[{"count":21,"href":"https:\/\/be-creative.hu\/index.php\/wp-json\/wp\/v2\/pages\/419\/revisions"}],"predecessor-version":[{"id":16434,"href":"https:\/\/be-creative.hu\/index.php\/wp-json\/wp\/v2\/pages\/419\/revisions\/16434"}],"wp:attachment":[{"href":"https:\/\/be-creative.hu\/index.php\/wp-json\/wp\/v2\/media?parent=419"}],"curies":[{"name":"wp","href":"https:\/\/api.w.org\/{rel}","templated":true}]}}